{"id":65,"date":"2016-02-10T14:13:30","date_gmt":"2016-02-10T14:13:30","guid":{"rendered":"http:\/\/grupochiavassa.com\/esp\/?page_id=65"},"modified":"2016-02-12T14:40:02","modified_gmt":"2016-02-12T14:40:02","slug":"tambo-calesita","status":"publish","type":"page","link":"http:\/\/grupochiavassa.com\/esp\/tambo-calesita\/","title":{"rendered":"Tambo Calesita"},"content":{"rendered":"<h2 class=\"page-heading\">TAMBO CALESITA<\/h2>\n<p><img class=\"img-frame \" alt=\"\" \/><img class=\"img-frame \" src=\"http:\/\/grupochiavassa.com\/web\/wp-content\/uploads\/2013\/11\/calesita1.jpg\" alt=\"\" \/><\/p>\n<p>En 2010, el establecimiento del Grupo Chiavassa se convirti\u00f3 en la primera experiencia en la Argentina de incorporaci\u00f3n de un tambo rotativo interno de 40 bajadas -popularmente conocido como \u201ctambo calesita\u201d-, equipado con un sistema de gesti\u00f3n que funciona gracias a la identificaci\u00f3n electr\u00f3nica de cada animal.<\/p>\n<p>Entre otras tareas, el sistema se encarga de realizar un control lechero de cada vaca y de establecer par\u00e1metros a partir de los cuales identifica animales de baja producci\u00f3n. Tambi\u00e9n detecta si se est\u00e1 orde\u00f1ando alg\u00fan animal que no corresponde al lote indicado.<\/p>\n<p>Las vacas son sometidas a tres orde\u00f1es diarios, a raz\u00f3n de 200 animales por hora. El objetivo es llegar a 1.200 vacas en orde\u00f1e, con 35\/40 litros promedio y 40.000 litros de producci\u00f3n.<\/p>\n<p>Este sistema rotativo se desarrolla en un ambiente sereno y silencioso, lo que favorece la mejor bajada de leche por parte de las vacas. Cada operario tiene un lugar de trabajo determinado en donde realizan distintas tareas espec\u00edficas del proceso de orde\u00f1e.<\/p>\n<p>Adem\u00e1s, la forma de trabajo de la sala rotativa permite un flujo continuo de animales.<\/p>\n<h2 class=\"page-heading\">Fotos<\/h2>\n<p><!-- index.php -->\n<div\n\tclass=\"ngg-galleryoverview ngg-ajax-pagination-none\"\n\tid=\"ngg-gallery-780-1\">\n\n    \t\t<!-- Thumbnails -->\n\t\t\t\t<div id=\"ngg-image-0\" class=\"ngg-gallery-thumbnail-box\" >\n\t\t\t\t        <div class=\"ngg-gallery-thumbnail\">\n            <a href=\"http:\/\/grupochiavassa.com\/esp\/wp-content\/gallery\/calesita\/DSC_1559.jpg\"\n               title=\"\"\n               data-src=\"http:\/\/grupochiavassa.com\/esp\/wp-content\/gallery\/calesita\/DSC_1559.jpg\"\n               data-thumbnail=\"http:\/\/grupochiavassa.com\/esp\/wp-content\/gallery\/calesita\/thumbs\/thumbs_DSC_1559.jpg\"\n               data-image-id=\"36\"\n               data-title=\"DSC_1559\"\n               data-description=\"\"\n               data-image-slug=\"dsc_1559-1\"\n               class=\"ngg-fancybox\" rel=\"780\">\n                <img\n                    title=\"DSC_1559\"\n                    alt=\"DSC_1559\"\n                    src=\"http:\/\/grupochiavassa.com\/esp\/wp-content\/gallery\/calesita\/thumbs\/thumbs_DSC_1559.jpg\"\n                    width=\"240\"\n                    height=\"160\"\n                    style=\"max-width:100%;\"\n                \/>\n            <\/a>\n        <\/div>\n\t\t\t\t\t\t\t<\/div> \n\t\t\t\n        \n\t\t\t\t<div id=\"ngg-image-1\" class=\"ngg-gallery-thumbnail-box\" >\n\t\t\t\t        <div class=\"ngg-gallery-thumbnail\">\n            <a href=\"http:\/\/grupochiavassa.com\/esp\/wp-content\/gallery\/calesita\/DSC_1562.jpg\"\n               title=\"\"\n               data-src=\"http:\/\/grupochiavassa.com\/esp\/wp-content\/gallery\/calesita\/DSC_1562.jpg\"\n               data-thumbnail=\"http:\/\/grupochiavassa.com\/esp\/wp-content\/gallery\/calesita\/thumbs\/thumbs_DSC_1562.jpg\"\n               data-image-id=\"37\"\n               data-title=\"DSC_1562\"\n               data-description=\"\"\n               data-image-slug=\"dsc_1562-1\"\n               class=\"ngg-fancybox\" rel=\"780\">\n                <img\n                    title=\"DSC_1562\"\n                    alt=\"DSC_1562\"\n                    src=\"http:\/\/grupochiavassa.com\/esp\/wp-content\/gallery\/calesita\/thumbs\/thumbs_DSC_1562.jpg\"\n                    width=\"240\"\n                    height=\"160\"\n                    style=\"max-width:100%;\"\n                \/>\n            <\/a>\n        <\/div>\n\t\t\t\t\t\t\t<\/div> \n\t\t\t\n        \n\t\t\t\t<div id=\"ngg-image-2\" class=\"ngg-gallery-thumbnail-box\" >\n\t\t\t\t        <div class=\"ngg-gallery-thumbnail\">\n            <a href=\"http:\/\/grupochiavassa.com\/esp\/wp-content\/gallery\/calesita\/DSC_1565.jpg\"\n               title=\"\"\n               data-src=\"http:\/\/grupochiavassa.com\/esp\/wp-content\/gallery\/calesita\/DSC_1565.jpg\"\n               data-thumbnail=\"http:\/\/grupochiavassa.com\/esp\/wp-content\/gallery\/calesita\/thumbs\/thumbs_DSC_1565.jpg\"\n               data-image-id=\"38\"\n               data-title=\"DSC_1565\"\n               data-description=\"\"\n               data-image-slug=\"dsc_1565-1\"\n               class=\"ngg-fancybox\" rel=\"780\">\n                <img\n                    title=\"DSC_1565\"\n                    alt=\"DSC_1565\"\n                    src=\"http:\/\/grupochiavassa.com\/esp\/wp-content\/gallery\/calesita\/thumbs\/thumbs_DSC_1565.jpg\"\n                    width=\"240\"\n                    height=\"160\"\n                    style=\"max-width:100%;\"\n                \/>\n            <\/a>\n        <\/div>\n\t\t\t\t\t\t\t<\/div> \n\t\t\t\n        \n\t\t\t\t<div id=\"ngg-image-3\" class=\"ngg-gallery-thumbnail-box\" >\n\t\t\t\t        <div class=\"ngg-gallery-thumbnail\">\n            <a href=\"http:\/\/grupochiavassa.com\/esp\/wp-content\/gallery\/calesita\/DSC_1570.jpg\"\n               title=\"\"\n               data-src=\"http:\/\/grupochiavassa.com\/esp\/wp-content\/gallery\/calesita\/DSC_1570.jpg\"\n               data-thumbnail=\"http:\/\/grupochiavassa.com\/esp\/wp-content\/gallery\/calesita\/thumbs\/thumbs_DSC_1570.jpg\"\n               data-image-id=\"39\"\n               data-title=\"DSC_1570\"\n               data-description=\"\"\n               data-image-slug=\"dsc_1570-1\"\n               class=\"ngg-fancybox\" rel=\"780\">\n                <img\n                    title=\"DSC_1570\"\n                    alt=\"DSC_1570\"\n                    src=\"http:\/\/grupochiavassa.com\/esp\/wp-content\/gallery\/calesita\/thumbs\/thumbs_DSC_1570.jpg\"\n                    width=\"240\"\n                    height=\"160\"\n                    style=\"max-width:100%;\"\n                \/>\n            <\/a>\n        <\/div>\n\t\t\t\t\t\t\t<\/div> \n\t\t\t\n        \n\t\t\t\t<div id=\"ngg-image-4\" class=\"ngg-gallery-thumbnail-box\" >\n\t\t\t\t        <div class=\"ngg-gallery-thumbnail\">\n            <a href=\"http:\/\/grupochiavassa.com\/esp\/wp-content\/gallery\/calesita\/DSC_1573.jpg\"\n               title=\"\"\n               data-src=\"http:\/\/grupochiavassa.com\/esp\/wp-content\/gallery\/calesita\/DSC_1573.jpg\"\n               data-thumbnail=\"http:\/\/grupochiavassa.com\/esp\/wp-content\/gallery\/calesita\/thumbs\/thumbs_DSC_1573.jpg\"\n               data-image-id=\"40\"\n               data-title=\"DSC_1573\"\n               data-description=\"\"\n               data-image-slug=\"dsc_1573-1\"\n               class=\"ngg-fancybox\" rel=\"780\">\n                <img\n                    title=\"DSC_1573\"\n                    alt=\"DSC_1573\"\n                    src=\"http:\/\/grupochiavassa.com\/esp\/wp-content\/gallery\/calesita\/thumbs\/thumbs_DSC_1573.jpg\"\n                    width=\"240\"\n                    height=\"160\"\n                    style=\"max-width:100%;\"\n                \/>\n            <\/a>\n        <\/div>\n\t\t\t\t\t\t\t<\/div> \n\t\t\t\n        \n\t\t\t\t<div id=\"ngg-image-5\" class=\"ngg-gallery-thumbnail-box\" >\n\t\t\t\t        <div class=\"ngg-gallery-thumbnail\">\n            <a href=\"http:\/\/grupochiavassa.com\/esp\/wp-content\/gallery\/calesita\/DSC_1576.jpg\"\n               title=\"\"\n               data-src=\"http:\/\/grupochiavassa.com\/esp\/wp-content\/gallery\/calesita\/DSC_1576.jpg\"\n               data-thumbnail=\"http:\/\/grupochiavassa.com\/esp\/wp-content\/gallery\/calesita\/thumbs\/thumbs_DSC_1576.jpg\"\n               data-image-id=\"41\"\n               data-title=\"DSC_1576\"\n               data-description=\"\"\n               data-image-slug=\"dsc_1576-1\"\n               class=\"ngg-fancybox\" rel=\"780\">\n                <img\n                    title=\"DSC_1576\"\n                    alt=\"DSC_1576\"\n                    src=\"http:\/\/grupochiavassa.com\/esp\/wp-content\/gallery\/calesita\/thumbs\/thumbs_DSC_1576.jpg\"\n                    width=\"240\"\n                    height=\"160\"\n                    style=\"max-width:100%;\"\n                \/>\n            <\/a>\n        <\/div>\n\t\t\t\t\t\t\t<\/div> \n\t\t\t\n        \n\t\t\t\t<div id=\"ngg-image-6\" class=\"ngg-gallery-thumbnail-box\" >\n\t\t\t\t        <div class=\"ngg-gallery-thumbnail\">\n            <a href=\"http:\/\/grupochiavassa.com\/esp\/wp-content\/gallery\/calesita\/DSC_1748.jpg\"\n               title=\"\"\n               data-src=\"http:\/\/grupochiavassa.com\/esp\/wp-content\/gallery\/calesita\/DSC_1748.jpg\"\n               data-thumbnail=\"http:\/\/grupochiavassa.com\/esp\/wp-content\/gallery\/calesita\/thumbs\/thumbs_DSC_1748.jpg\"\n               data-image-id=\"42\"\n               data-title=\"DSC_1748\"\n               data-description=\"\"\n               data-image-slug=\"dsc_1748-1\"\n               class=\"ngg-fancybox\" rel=\"780\">\n                <img\n                    title=\"DSC_1748\"\n                    alt=\"DSC_1748\"\n                    src=\"http:\/\/grupochiavassa.com\/esp\/wp-content\/gallery\/calesita\/thumbs\/thumbs_DSC_1748.jpg\"\n                    width=\"240\"\n                    height=\"160\"\n                    style=\"max-width:100%;\"\n                \/>\n            <\/a>\n        <\/div>\n\t\t\t\t\t\t\t<\/div> \n\t\t\t\n        \n\t\t\t\t<div id=\"ngg-image-7\" class=\"ngg-gallery-thumbnail-box\" >\n\t\t\t\t        <div class=\"ngg-gallery-thumbnail\">\n            <a href=\"http:\/\/grupochiavassa.com\/esp\/wp-content\/gallery\/calesita\/DSC_1755.jpg\"\n               title=\"\"\n               data-src=\"http:\/\/grupochiavassa.com\/esp\/wp-content\/gallery\/calesita\/DSC_1755.jpg\"\n               data-thumbnail=\"http:\/\/grupochiavassa.com\/esp\/wp-content\/gallery\/calesita\/thumbs\/thumbs_DSC_1755.jpg\"\n               data-image-id=\"43\"\n               data-title=\"DSC_1755\"\n               data-description=\"\"\n               data-image-slug=\"dsc_1755\"\n               class=\"ngg-fancybox\" rel=\"780\">\n                <img\n                    title=\"DSC_1755\"\n                    alt=\"DSC_1755\"\n                    src=\"http:\/\/grupochiavassa.com\/esp\/wp-content\/gallery\/calesita\/thumbs\/thumbs_DSC_1755.jpg\"\n                    width=\"240\"\n                    height=\"160\"\n                    style=\"max-width:100%;\"\n                \/>\n            <\/a>\n        <\/div>\n\t\t\t\t\t\t\t<\/div> \n\t\t\t\n        \n\t\t\n\t\t<!-- Pagination -->\n\t<div class='ngg-clear'><\/div>\t<\/div>\n<\/p>\n","protected":false},"excerpt":{"rendered":"<p>TAMBO CALESITA En 2010, el establecimiento del Grupo Chiavassa se convirti\u00f3 en la primera experiencia en la Argentina de incorporaci\u00f3n [&hellip;]<\/p>\n","protected":false},"author":2,"featured_media":0,"parent":0,"menu_order":0,"comment_status":"closed","ping_status":"closed","template":"","meta":{"ngg_post_thumbnail":0},"_links":{"self":[{"href":"http:\/\/grupochiavassa.com\/esp\/wp-json\/wp\/v2\/pages\/65"}],"collection":[{"href":"http:\/\/grupochiavassa.com\/esp\/wp-json\/wp\/v2\/pages"}],"about":[{"href":"http:\/\/grupochiavassa.com\/esp\/wp-json\/wp\/v2\/types\/page"}],"author":[{"embeddable":true,"href":"http:\/\/grupochiavassa.com\/esp\/wp-json\/wp\/v2\/users\/2"}],"replies":[{"embeddable":true,"href":"http:\/\/grupochiavassa.com\/esp\/wp-json\/wp\/v2\/comments?post=65"}],"version-history":[{"count":5,"href":"http:\/\/grupochiavassa.com\/esp\/wp-json\/wp\/v2\/pages\/65\/revisions"}],"predecessor-version":[{"id":781,"href":"http:\/\/grupochiavassa.com\/esp\/wp-json\/wp\/v2\/pages\/65\/revisions\/781"}],"wp:attachment":[{"href":"http:\/\/grupochiavassa.com\/esp\/wp-json\/wp\/v2\/media?parent=65"}],"curies":[{"name":"wp","href":"https:\/\/api.w.org\/{rel}","templated":true}]}}